{"version":"1.0","provider_name":"Festival Mtl en Arts","provider_url":"https:\/\/www.mtlenarts.com\/en\/","title":"Facies - Festival Mtl en Arts","type":"rich","width":600,"height":338,"html":"<blockquote class=\"wp-embedded-content\" data-secret=\"tvysBpk25f\"><a href=\"https:\/\/www.mtlenarts.com\/en\/performeur-2024\/facies\/\">Facies<\/a><\/blockquote><iframe sandbox=\"allow-scripts\" security=\"restricted\" src=\"https:\/\/www.mtlenarts.com\/en\/performeur-2024\/facies\/embed\/#?secret=tvysBpk25f\" width=\"600\" height=\"338\" title=\"&#8220;Facies&#8221; &#8212; Festival Mtl en Arts\" data-secret=\"tvysBpk25f\" frameborder=\"0\" marginwidth=\"0\" marginheight=\"0\" scrolling=\"no\" class=\"wp-embedded-content\"><\/iframe><script>\n\/*! This file is auto-generated *\/\n!function(d,l){\"use strict\";l.querySelector&&d.addEventListener&&\"undefined\"!=typeof URL&&(d.wp=d.wp||{},d.wp.receiveEmbedMessage||(d.wp.receiveEmbedMessage=function(e){var t=e.data;if((t||t.secret||t.message||t.value)&&!\/[^a-zA-Z0-9]\/.test(t.secret)){for(var s,r,n,a=l.querySelectorAll('iframe[data-secret=\"'+t.secret+'\"]'),o=l.querySelectorAll('blockquote[data-secret=\"'+t.secret+'\"]'),c=new RegExp(\"^https?:$\",\"i\"),i=0;i<o.length;i++)o[i].style.display=\"none\";for(i=0;i<a.length;i++)s=a[i],e.source===s.contentWindow&&(s.removeAttribute(\"style\"),\"height\"===t.message?(1e3<(r=parseInt(t.value,10))?r=1e3:~~r<200&&(r=200),s.height=r):\"link\"===t.message&&(r=new URL(s.getAttribute(\"src\")),n=new URL(t.value),c.test(n.protocol))&&n.host===r.host&&l.activeElement===s&&(d.top.location.href=t.value))}},d.addEventListener(\"message\",d.wp.receiveEmbedMessage,!1),l.addEventListener(\"DOMContentLoaded\",function(){for(var e,t,s=l.querySelectorAll(\"iframe.wp-embedded-content\"),r=0;r<s.length;r++)(t=(e=s[r]).getAttribute(\"data-secret\"))||(t=Math.random().toString(36).substring(2,12),e.src+=\"#?secret=\"+t,e.setAttribute(\"data-secret\",t)),e.contentWindow.postMessage({message:\"ready\",secret:t},\"*\")},!1)))}(window,document);\n\/\/# sourceURL=https:\/\/www.mtlenarts.com\/wp-includes\/js\/wp-embed.min.js\n<\/script>","thumbnail_url":"https:\/\/www.mtlenarts.com\/wp-content\/uploads\/2024\/06\/facies-portrait.png","thumbnail_width":1244,"thumbnail_height":1230,"description":"Facies est un artiste calligraphe d\u2019origine fran\u00e7aise, bas\u00e9 \u00e0 Montr\u00e9al depuis 14 ans. Autodidacte, il appr\u00e9cie la douceur et la sinc\u00e9rit\u00e9 qu\u2019offre la calligraphie arabe, qu\u2019il d\u00e9cline de mani\u00e8re abstraite en po\u00e9sie visuelle. Au cours de son voyage artistique, ses influences et inspirations ont vari\u00e9, lui permettant de jouer avec de nouveaux supports et techniques, tout en gardant la calligraphie au centre de sa pratique. Avec plus d\u2019une trentaine de murales entre le Canada et l\u2019Europe et de nombreuses invitations \u00e0 des festivals reconnus, Facies prend plaisir \u00e0 \u00e9changer et \u00e0 maintenir son art vivant."}

Facies est un artiste calligraphe d’origine française, basé à Montréal depuis 14 ans. Autodidacte, il apprécie la douceur et la sincérité qu’offre la calligraphie arabe, qu’il décline de manière abstraite en poésie visuelle. Au cours de son voyage artistique, ses influences et inspirations ont varié, lui permettant de jouer avec de nouveaux supports et techniques, tout en gardant la calligraphie au centre de sa pratique. Avec plus d’une trentaine de murales entre le Canada et l’Europe et de nombreuses invitations à des festivals reconnus, Facies prend plaisir à échanger et à maintenir son art vivant.
